039 composite?
True
Is 1039 composite?
False
Is 4853 a prime number?
False
Is 753 a composite number?
True
Is 633109 prime?
False
Is 56519 prime?
True
Is 7573 composite?
False
Is 45411 composite?
True
Is 38245 prime?
False
Is 52707 a prime number?
False
Is 419 a composite number?
False
Is 1256667 composite?
True
Is 17231 a prime number?
True
Is 2513 prime?
False
Is 94201 a composite number?
False
Is 11787 a prime number?
False
Is 1848569 a prime number?
True
Is 51367 a composite number?
True
Is 111143 a prime number?
True
Is 257 prime?
True
Is 17863 a prime number?
True
Is 27343 a composite number?
True
Is 22523 a prime number?
False
Is 3749 a composite number?
True
Is 9733 composite?
False
Is 6541 prime?
False
Is 26582 prime?
False
Is 892171 prime?
False
Is 18973 a composite number?
False
Is 1021165 a prime number?
False
Is 127685 prime?
False
Is 2749 prime?
True
Is 143873 prime?
True
Is 43013 prime?
True
Is 9901 a composite number?
False
Is 69241 a composite number?
True
Is 66227 a composite number?
True
Is 254285 a prime number?
False
Is 255313 a prime number?
True
Is 476621 a composite number?
True
Is 115113 composite?
True
Is 359951 composite?
True
Is 771667 prime?
False
Is 7481 a composite number?
False
Is 1123961 a prime number?
True
Is 9623 composite?
False
Is 20459 a prime number?
False
Is 119303 a prime number?
False
Is 949133 a prime number?
False
Is 496789 prime?
True
Is 16547 a composite number?
False
Is 13201 a prime number?
False
Is 992777 a composite number?
False
Is 129917 prime?
True
Is 2579 prime?
True
Is 673 a composite number?
False
Is 117529 a prime number?
True
Is 6445 composite?
True
Is 24593 a prime number?
True
Is 4502 a prime number?
False
Is 714739 prime?
True
Is 36773 a prime number?
False
Is 42641 prime?
True
Is 75143 composite?
True
Is 40822 prime?
False
Is 41579 a prime number?
True
Is 3407 composite?
False
Is 223791 composite?
True
Is 412537 a prime number?
True
Is 8819 composite?
False
Is 177673 a composite number?
True
Is 4573 a prime number?
False
Is 155921 prime?
True
Is 34145 a prime number?
False
Is 23207 a composite number?
True
Is 715639 composite?
False
Is 63577 a prime number?
True
Is 693317 a prime number?
True
Is 3218399 a prime number?
True
Is 10259 a composite number?
False
Is 287218 a prime number?
False
Is 28349 a prime number?
True
Is 10039 a prime number?
True
Is 50818 a prime number?
False
Is 221997 a prime number?
False
Is 53549 composite?
False
Is 40909 a composite number?
True
Is 496049 a prime number?
False
Is 14849 a prime number?
False
Is 105863 a composite number?
False
Is 5033 prime?
False
Is 394274 a composite number?
True
Is 11278 a prime number?
False
Is 14471 composite?
True
Is 63029 a prime number?
True
Is 23601 composite?
True
Is 787 prime?
True
Is 13591 prime?
True
Is 68759 prime?
False
Is 93437 a prime number?
False
Is 32177 a composite number?
True
Is 201 composite?
True
Is 8509 a prime number?
False
Is 1276049 a prime number?
True
Is 43637 a prime number?
False
Is 109861 a prime number?
False
Is 2237 a composite number?
False
Is 83991 composite?
True
Is 86539 a composite number?
False
Is 41703 prime?
False
Is 32647 a prime number?
True
Is 1796785 prime?
False
Is 7661 prime?
False
Is 3109 prime?
True
Is 2431901 prime?
False
Is 50627 a composite number?
False
Is 116947 a composite number?
True
Is 1403591 prime?
False
Is 72997 composite?
False
Is 260551 a composite number?
False
Is 17011 prime?
True
Is 15053 prime?
True
Is 1659279 a prime number?
False
Is 949945 a prime number?
False
Is 882955 a composite number?
True
Is 12381 prime?
False
Is 259409 a composite number?
True
Is 2309 a composite number?
False
Is 183133 a prime number?
False
Is 34211 a composite number?
False
Is 60271 a composite number?
False
Is 194998 composite?
True
Is 61511 composite?
False
Is 14713 a composite number?
False
Is 202853 a prime number?
False
Is 6469 composite?
False
Is 517 a composite number?
True
Is 1239151 composite?
False
Is 2764033 a composite number?
False
Is 28501 composite?
True
Is 89135 a prime number?
False
Is 1721 a prime number?
True
Is 37757 a composite number?
True
Is 22303 prime?
True
Is 5579 composite?
True
Is 469703 prime?
False
Is 31469 a prime number?
True
Is 237821 a composite number?
False
Is 141481 a composite number?
False
Is 1657 prime?
True
Is 30973 a composite number?
True
Is 4106 prime?
False
Is 163479 a prime number?
False
Is 22829 prime?
False
Is 789617 composite?
True
Is 22787 prime?
True
Is 18041 a prime number?
True
Is 86285 a composite number?
True
Is 6343 composite?
False
Is 71 a composite number?
False
Is 541 prime?
True
Is 1098403 a prime number?
False
Is 291917 composite?
True
Is 351979 composite?
True
Is 3066971 a prime number?
True
Is 214777 composite?
True
Is 43853 a composite number?
False
Is 66961 a composite number?
True
Is 14683 prime?
True
Is 170197 prime?
True
Is 1525561 a composite number?
False
Is 449741 a composite number?
False
Is 293329 composite?
False
Is 592403 prime?
False
Is 537 prime?
False
Is 16543 a prime number?
False
Is 54721 a prime number?
True
Is 37951 a prime number?
True
Is 88063 a prime number?
False
Is 202907 prime?
True
Is 399089 prime?
False
Is 99683 a prime number?
False
Is 224573 composite?
True
Is 92249 a prime number?
False
Is 739 composite?
False
Is 2149 a prime number?
False
Is 75061 a composite number?
True
Is 10637 a composite number?
True
Is 8011 a composite number?
False
Is 1987 a prime number?
True
Is 47249 a composite number?
True
Is 49 composite?
True
Is 40609 a composite number?
False
Is 40882 prime?
False
Is 2614 prime?
False
Is 48467 composite?
True
Is 96335 composite?
True
Is 325627 prime?
True
Is 1231205 a composite number?
True
Is 431 prime?
True
Is 328247 a prime number?
False
Is 1537657 a composite number?
True
Is 3683 prime?
False
Is 2196809 a prime number?
True
Is 5147 a prime number?
True
Is 9938 prime?
False
Is 1819355 composite?
True
Is 2521 prime?
True
Is 169213 prime?
False
Is 3221 composite?
False
Is 47491 a composite number?
False
Is 1027259 prime?
False
Is 8678 composite?
True
Is 1337 composite?
True
Is 46219 composite?
False
Is 75767 prime?
True
Is 419851 composite?
True
Is 11201 composite?
True
Is 28673 a composite number?
True
Is 345547 a composite number?
False
Is 4153 prime?
True
Is 631511 a composite number?
True
Is 502 composite?
True
Is 16307 composite?
True
Is 438673 composite?
True
Is 1581911 a composite number?
False
Is 300581 a composite number?
False
Is 54923 a prime number?
False
Is 631 a prime number?
True
Is 14479 composite?
False
Is 1733399 composite?
False
Is 327401 composite?
False
Is 413053 prime?
True
Is 1008809 a prime number?
True
Is 1219 prime?
False
Is 21254 composite?
True
Is 10394 prime?
False
Is 6173 a prime number?
True
Is 25057 prime?
True
Is 11287 composite?
False
Is 15427 composite?
False
Is 25055 a composite number?
True
Is 12071 composite?
False
Is 712477 a composite number?
False
Is 36053 a prime number?
False
Is 19217 prime?
False
Is 570278 a prime number?
False
Is 9199 a prime number?
True
Is 454343 a prime number?
False
Is 1064243 composite?
False
Is 8171 a prime number?
True
Is 34321 prime?
False
Is 7789 composite?
False
Is 77791 composite?
True
Is 579827 a prime number?
False
Is 146141 a composite number?
False
Is 47623 a composite number?
False
Is 544169 a composite number?
True
Is 1052611 a prime number?
False
Is 66337 a composite number?
False
Is 1703785 prime?
False
Is 1370359 a prime number?
True
Is 97649 prime?
True
Is 1049 a prime number?
True
Is 280121 a prime number?
True
Is 40387 composite?
False
Is 18661 a composite number?
False
Is 24151 a composite number?
False
Is 19547 composite?
True
Is 1134971 a composite number?
True
Is 439655 a composite number?
True
Is 31469 a composite number?
False
Is 2939 a composite number?
False
Is 29177 a prime number?
False
Is 261881 a prime number?
True
Is 12605 a composite number?
True
Is 1623 prime?
False
Is 5197 a prime number?
True
Is 8637 prime?
False
Is 346169 prime?
True
Is 290137 a prime number?
True
Is 436769 prime?
False
Is 542611 a prime number?
False
Is 129671 a composite number?
False
Is 9293 composite?
False
Is 11143 prime?
False
Is 20885 a composite number?
True
Is 17455 a prime number?
False
Is